{"id":77,"date":"2023-04-05T16:45:05","date_gmt":"2023-04-05T14:45:05","guid":{"rendered":"http:\/\/lafermedesevy.fr\/blog\/?page_id=77"},"modified":"2023-04-05T16:56:53","modified_gmt":"2023-04-05T14:56:53","slug":"nos-tarifs","status":"publish","type":"page","link":"https:\/\/lafermedesevy.fr\/blog\/?page_id=77","title":{"rendered":"Nos tarifs"},"content":{"rendered":"\n<h3 class=\"wp-block-heading has-text-align-center\">Les tarifs affich\u00e9s ne sont pas les tarifs d\u00e9finitifs, un devis personnalis\u00e9 sera effectu\u00e9 pour chaque demande<\/h3>\n\n\n\n<figure class=\"wp-block-table alignwide is-style-stripes\"><table><tbody><tr><td><\/td><td>Au centre :<\/td><td>En structure :<\/td><\/tr><tr><td>M\u00e9diation (s\u00e9ance programme)<br>individuelle de 30 min<\/td><td>25\u20ac<\/td><td>40\u20ac*<\/td><\/tr><tr><td>M\u00e9diation (s\u00e9ance animation)<br>en groupe s\u00e9ance de 30 min<\/td><td>30\u20ac<\/td><td>45\u20ac*<\/td><\/tr><tr><td>M\u00e9diation (s\u00e9ance programme) individuelle de 1 heure<\/td><td>35\u20ac<\/td><td>60\u20ac<\/td><\/tr><tr><td>M\u00e9diation (s\u00e9ance programme) en groupe de 1 heure<\/td><td>70\u20ac<\/td><td>90\u20ac<\/td><\/tr><tr><td>M\u00e9diation (s\u00e9ance animation) en groupe s\u00e9ance de 1 heure<\/td><td>60\u20ac<\/td><td>80\u20ac<\/td><\/tr><tr><td>Ferme itin\u00e9rante demi journ\u00e9e (3heures)<\/td><td><\/td><td>250\u20ac<\/td><\/tr><tr><td>Ferme itin\u00e9rante journ\u00e9e (6 heures)<\/td><td><\/td><td>400\u20ac<\/td><\/tr><\/tbody><\/table><figcaption class=\"wp-element-caption\">*afin de palier aux frais de d\u00e9placement un minimum de 2 s\u00e9ances cons\u00e9cutives de 30 minutes<br>(2 groupes diff\u00e9rents) devra \u00eatre choisi.<\/figcaption><\/figure>\n\n\n\n<h4 class=\"wp-block-heading has-text-align-center\">Un minimum de 15 s\u00e9ances est n\u00e9cessaire pour en \u00e9valuer les b\u00e9n\u00e9fices, \u00e0 renouveler en fonction des besoins.<\/h4>\n\n\n\n<p><\/p>\n","protected":false},"excerpt":{"rendered":"<p>Les tarifs affich\u00e9s ne sont pas les tarifs d\u00e9finitifs, un devis personnalis\u00e9 sera effectu\u00e9 pour chaque demande Au centre : En structure : M\u00e9diation (s\u00e9ance programme)individuelle de 30 min 25\u20ac&hellip; <\/p>\n","protected":false},"author":1,"featured_media":0,"parent":0,"menu_order":0,"comment_status":"closed","ping_status":"closed","template":"","meta":[],"_links":{"self":[{"href":"https:\/\/lafermedesevy.fr\/blog\/index.php?rest_route=\/wp\/v2\/pages\/77"}],"collection":[{"href":"https:\/\/lafermedesevy.fr\/blog\/index.php?rest_route=\/wp\/v2\/pages"}],"about":[{"href":"https:\/\/lafermedesevy.fr\/blog\/index.php?rest_route=\/wp\/v2\/types\/page"}],"author":[{"embeddable":true,"href":"https:\/\/lafermedesevy.fr\/blog\/index.php?rest_route=\/wp\/v2\/users\/1"}],"replies":[{"embeddable":true,"href":"https:\/\/lafermedesevy.fr\/blog\/index.php?rest_route=%2Fwp%2Fv2%2Fcomments&post=77"}],"version-history":[{"count":2,"href":"https:\/\/lafermedesevy.fr\/blog\/index.php?rest_route=\/wp\/v2\/pages\/77\/revisions"}],"predecessor-version":[{"id":82,"href":"https:\/\/lafermedesevy.fr\/blog\/index.php?rest_route=\/wp\/v2\/pages\/77\/revisions\/82"}],"wp:attachment":[{"href":"https:\/\/lafermedesevy.fr\/blog\/index.php?rest_route=%2Fwp%2Fv2%2Fmedia&parent=77"}],"curies":[{"name":"wp","href":"https:\/\/api.w.org\/{rel}","templated":true}]}}